se 5*r - 4*r + 4*k - 61 = 0, -5*r = 2*k - 251. Let z(q) = q**2 - 72*q + 262. What is the remainder when z(71) is divided by r?
44
Suppose s + 2*s - 246 = 0. Suppose -v + 2 = 0, 0 = 3*u + 3*v - 213 - 75. Let p = 122 - u. What is the remainder when s is divided by p?
26
Suppose -4*m + 4*w + 286 = -262, -5*m + 670 = -2*w. Calculate the remainder when m is divided by 49.
34
What is the remainder when 62 is divided by 4 - (-9 + -44 - -4)?
9
Suppose 0 = -2*d + 4*d - 5*z - 480, -456 = -2*d - z. Calculate the remainder when d is divided by 2.
0
Suppose -f - 5*n + 447 = 0, -4*f = -0*f - 5*n - 1763. What is the remainder when f is divided by 113?
103
Suppose 60 = 3*a + 2*z, z + z + 28 = a. Let n = 2800 - 2742. Calculate the remainder when n is divided by a.
14
What is the remainder when (134 - 176)*14/(-3) is divided by 6?
4
Let i = -13 - -18. Let d be (0/(-4) - 2)*-1. Calculate the remainder when i is divided by d - -2*(3 - 2).
1
Suppose -12*i + 633 = 453. What is the remainder when 178 is divided by i?
13
Let f = -76 - -42. Let l = 60 + f. What is the remainder when l is divided by 10?
6
Suppose -525 = -9*j - 318. Calculate the remainder when j is divided by 9.
5
Suppose -1 - 29 = -h. What is the remainder when h is divided by (12/(-4))/(-3)*(9 - -3)?
6
Suppose 0 = -w + 1. Let y = 7 - w. Calculate the remainder when 63 is divided by y.
3
Let h be 16/(-4) - 2*-17. Let c = h - 21. Calculate the remainder when 17 is divided by c.
8
Let b(l) = -11*l - 9. Let k be (-7)/((-7)/2) - 4. Calculate the remainder when 20 is divided by b(k).
7
Let v(h) = -h**3 - 7*h**2 + 17*h + 84. Let x be v(-9). Suppose 3*j - 4*n - x = -35, -3*j = n - 68. Calculate the remainder when (-56)/6*(-9)/2 is divided by j.
20
Let w = 304 + -207. Let l = -107 - -121. What is the remainder when w is divided by l?
13
Let x(y) = 7*y**3 + 1. Let g be x(-1). What is the remainder when 2/(-3) + (-28)/g is divided by 1?
0
Let o(c) = c**2 + 29*c - 232. Suppose j + 0*j + 109 = 2*y, 0 = y - 2*j - 50. What is the remainder when y is divided by o(7)?
16
Let a(o) = o**2 + 13*o + 18. Let i be 6/2 + -5*3. Let j be a(i). Suppose 0*t - j = -3*t. Calculate the remainder when t is divided by 1.
0
Suppose 3*f - 2*p - 1424 = 0, p + 1937 = 4*f + 6*p. Calculate the remainder when f is divided by 20.
18
Let o = -760 - -868. What is the remainder when o is divided by 28?
24
Suppose 5*x - 68 - 137 = 0. What is the remainder when x is divided by (2 - 14/6)/(18/(-756))?
13
Let i(n) = -n**3 + 6*n**2 - 6*n - 3. Let g be i(6). Let z = 14 - g. What is the remainder when z is divided by 11?
9
Suppose 5*m = 3*v + 106, -3*m - 22 = v - 2*m. Let j = v - -35. Calculate the remainder when 85 is divided by j.
5
Calculate the remainder when 164 is divided by ((-272)/(-408))/((-1)/(-21)).
10
Calculate the remainder when (-360)/(-135)*(-381)/(-4) is divided by 43.
39
Let g = -10 + -2. Let y = 125 - 134. Let r = y - g. What is the remainder when r is divided by 3?
0
Suppose -2*i + 60 = -86. Suppose 5*r - 2*o - i - 17 = 0, 0 = o. Calculate the remainder when r is divided by 7.
4
Let p = 297 + -154. What is the remainder when p is divided by 21?
17
Let y be ((-28)/8)/(2/(-4)). Let b be y*(4/(-7))/(-2). Suppose 0 = -4*u + 2*k + 2, -b*k + 3 = -u + 2*k. What is the remainder when u is divided by 1?
0
What is the remainder when 1555*(-14)/(-175) - 2/5 is divided by 45?
34
Let g(i) be the first derivative of -1/2*i**2 + 4 + 9*i. What is the remainder when 31 is divided by g(-8)?
14
Suppose 16*j - 425 = 711. Calculate the remainder when j is divided by 24.
23
Suppose c - 3*c + 96 = 0. Let y = 18 + -6. Suppose c = 4*f - y. Calculate the remainder when f is divided by 9.
6
Suppose -270 = -5*v - 5*a + 140, 2*v - 158 = -4*a. Let i(r) = r**3 - 12*r**2 - 10*r - 10. Calculate the remainder when v is divided by i(13).
27
Suppose 24 = 2*b - p, -b + 21 = -3*p - 1. Suppose -1 = -3*d + 11. Calculate the remainder when b is divided by d.
2
Let j(h) = -h**2 - 2*h + 3. Let t be j(-7). Let b = t + 43. What is the remainder when 41 is divided by b?
8
Suppose 0 = 22*z - 9*z - 52. What is the remainder when 43 is divided by z?
3
Suppose -3*k - k + 136 = 0. Let j(x) = -19*x - x**3 + 8*x**2 + 9*x - 12 + 13*x. What is the remainder when k is divided by j(8)?
10
Let v = -217 - -669. Suppose -3*u - v = u. Let h = -65 - u. What is the remainder when h is divided by 13?
9
Let r = 41 - 17. Let g = r + -3. Calculate the remainder when g is divided by 11.
10
Suppose 0 = -3*b + 4*q + 115, -b + q - 22 + 61 = 0. Calculate the remainder when 142 is divided by b.
19
Suppose -197 = 12*o - 293. Let h = 4 - 1. What is the remainder when o is divided by h?
2
Suppose 3*d = -2*d + 20. Suppose l - 3 - 3 = 0. Suppose d*c - l = c. What is the remainder when c is divided by 2?
0
Let k(l) = -13*l + 20. Let s be k(2). Let m = 19 + s. What is the remainder when 167 is divided by m?
11
Suppose -9*m - 368 + 1160 = 0. What is the remainder when m is divided by 41?
6
Suppose 215 = 2*j - 35. What is the remainder when j is divided by 28?
13
Suppose 5*p = -p + 120. Suppose 19*w - p*w + 29 = 0. Calculate the remainder when w is divided by 18.
11
Let w = 463 + -331. Suppose -2*d + 6*d - w = 0. What is the remainder when d is divided by 9?
6
Suppose -19 = -3*o - 5*y, 0*o - 1 = -o + y. Let m be (-2)/(-2) + (-8 - -7). Suppose 2*c - 9 + 3 = m. What is the remainder when o is divided by c?
0
Suppose 2*v - 5*z = 60, 0*z - 24 = -2*v - 4*z. Let a = 1 + v. What is the remainder when a is divided by 11?
10
Suppose 27*h + 56 = 34*h. Calculate the remainder when 53 is divided by h.
5
Suppose 4*a = 4*d - 1040, -4*d + 2*a = a - 1025. Suppose 166 = 2*i + 5*t + 49, d = 5*i + 5*t. Calculate the remainder when i is divided by 12.
10
Suppose -10 = -4*w + 3*k, -5 = -w - 2*k + 3. Suppose 3*i = 3*y - 23 - 1, 0 = w*i - 16. What is the remainder when 20 is divided by y?
8
Let g(l) = 1 - 5 - 9*l + 1 + 2. Calculate the remainder when (-686)/(-21)*3/2 is divided by g(-3).
23
Suppose -12*c + 31 + 281 = 0. Calculate the remainder when 166 is divided by c.
10
Let w(r) = r + 3. Let b(d) = d + 1. Let v(c) = 2*c - 7. Let q(a) = 4*b(a) - v(a). Calculate the remainder when q(-5) is divided by w(-2).
0
Let k = 483 - 228. Calculate the remainder when k is divided by 7.
3
Let o = -117 - -121. Suppose 2*w + i = -o + 63, 3*i = -w + 42. What is the remainder when w is divided by 7?
6
Let w(x) = -11*x + 1. Suppose 42030*j - 42049*j = -2109. Calculate the remainder when j is divided by w(-5).
55
Suppose -10*c = -4239 + 809. Calculate the remainder when c is divided by 13.
5
Let a = -1023 - -1032. What is the remainder when 110 is divided by a?
2
Suppose 0 = 742*u - 744*u + 750. What is the remainder when u is divided by 8?
7
Let q(m) = m**2 + 2*m + 18. Let p = 0 - 0. Let u = 29 + 6. Calculate the remainder when u is divided by q(p).
17
Let o = -118 - -169. Suppose -4*z + 7*z = o. Let q = 106 - z. What is the remainder when q is divided by 23?
20
Suppose 3*g + w - 9 = 26, 4*g + 4*w - 52 = 0. What is the remainder when g is divided by (36/(-252))/((-1)/21)?
2
Suppose -o + 171 = 5*i, -2*o + 167 = -30*i + 35*i. What is the remainder when i is divided by 0 + 0 + 26/2?
9
Let n = 1777 - 1743. Calculate the remainder when 230 is divided by n.
26
Let d(w) = -w**3 + 4*w**2 + 3*w - 8. Let g be d(4). Calculate the remainder when 18 is divided by g/14 + (-5 - 340/(-35)).
3
What is the remainder when 1041 is divided by ((-298)/10)/(10/(-50))?
147
Let m(z) = -z**2 - 25*z + 143. What is the remainder when 271 is divided by m(-27)?
4
Calculate the remainder when (8/(-16))/((-8)/1232) is divided by 26.
25
Suppose -19 = -s - 0*a - 5*a, 5*a - 15 = 0. Suppose 3*m - 41 = -4*r, -s = -4*r + 4. What is the remainder when 39 is divided by m?
6
Let w = -4 + 8. Let a(n) = 31*n**2 + n. What is the remainder when a(1) is divided by w/26 + 657/39?
15
Let p = -1340 - -1562. What is the remainder when p is divided by 31?
5
Let s(z) = 18*z. Let c be s(1). Let i = c + -16. Suppose -i*n = -4*g - 3*n + 316, n = 4*g - 308. What is the remainder when g is divided by 27?
24
Let s = 20 + -9. What is the remainder when s is divided by 0 - (1/1 + -7)?
5
Suppose 118 = 5*m + 2*b, 2*m = 2*b - 7*b + 43. Calculate the remainder when 118 is divided by m.
22
Let i = -3 - 1. Supp